{"id":58,"date":"2025-11-02T15:24:43","date_gmt":"2025-11-02T14:24:43","guid":{"rendered":"http:\/\/wp.kraetzer-bau.de\/?page_id=58"},"modified":"2025-11-02T15:27:44","modified_gmt":"2025-11-02T14:27:44","slug":"karriere","status":"publish","type":"page","link":"http:\/\/wp.kraetzer-bau.de\/?page_id=58","title":{"rendered":"Karriere"},"content":{"rendered":"\n<p><\/p>\n\n\n\n<h2 class=\"wp-block-heading\">Berufserfahrene: Unser Team w\u00e4chst \u2013 Wir freuen uns auf Sie!<\/h2>\n\n\n\n<p><strong>Aktuell sind wir auf der Suche nach Kollegen aus folgenden Bereichen:<\/strong><\/p>\n\n\n\n<p>Wir sind kontinuierlich auf der Suche nach motivierten Mitarbeitern zur Verst\u00e4rkung unseres Teams \u2013 Berufserfahrene im Hoch- und\/oder Tiefbau sind bei uns genauso wie Quereinsteiger (m\/w\/d) herzlich willkommen.<\/p>\n\n\n\n<p>Haben Sie ein anderes Profil? Dann sprechen Sie uns einfach an und wir \u00fcberlegen gemeinsam, wie Sie unser Team verst\u00e4rken k\u00f6nnen.<\/p>\n\n\n\n<ul class=\"wp-block-list\">\n<li>Bauvorarbeiter<\/li>\n\n\n\n<li>Baufacharbeiter<\/li>\n\n\n\n<li>Baufachwerker<\/li>\n\n\n\n<li>Baumaschinenf\u00fchrer<\/li>\n\n\n\n<li>Allrounder<\/li>\n<\/ul>\n\n\n\n<h2 class=\"wp-block-heading\">Berufseinsteiger: Ausbildung und Studium<\/h2>\n\n\n\n<p>Wir sind Ausbildungsbetrieb und bieten jedes Jahr eine Ausbildung zum Maurer an. Auch ein duales oder Verbundstudium ist bei uns m\u00f6glich, z.B. zum Bauingenieur. Wenn Sie als Berufseinsteiger unsere Arbeit besser kennenlernen m\u00f6chten, k\u00f6nnen Sie ganz einfach ein Praktikum bei uns absolvieren. Kontaktieren Sie uns einfach und erfahren Sie mehr \u00fcber Ausbildung und Studium bei uns.<\/p>\n\n\n\n<h2 class=\"wp-block-heading\">Arbeiten bei Kr\u00e4tzer Bau: Das bieten wir<\/h2>\n\n\n\n<p>Neben einer attraktiven Verg\u00fctung erhalten unsere Mitarbeiter auch eine eigene Betriebsrente sowie einen krisensicheren Arbeitsplatz in unbefristeter Festanstellung.<\/p>\n\n\n\n<p>Durch viele langj\u00e4hrige Teammitglieder sind wir stolz auf unser kollegiales Betriebsklima. Au\u00dferdem bieten wir langfristige Perspektiven und individuelle Entwicklungsm\u00f6glichkeiten, abwechslungsreiche T\u00e4tigkeiten im Hoch- und Tiefbau und die Arbeit mit einem modernen Maschinenpark.<\/p>\n\n\n\n<h2 class=\"wp-block-heading\">Mehr erfahren oder direkt bewerben?<\/h2>\n\n\n\n<p>Wir freuen uns auf Ihre informelle Nachricht oder Bewerbung \u2013 Kontaktieren Sie unsere Gesch\u00e4ftsf\u00fchrer Rudi Reichart und Christian Sch\u00fctz entweder \u00fcber das Kontaktformular oder unter 09177\/49580.<\/p>\n\n\n\n<hr class=\"wp-block-separator has-alpha-channel-opacity\"\/>\n","protected":false},"excerpt":{"rendered":"<p>Berufserfahrene: Unser Team w\u00e4chst \u2013 Wir freuen uns auf Sie! Aktuell sind wir auf der Suche nach Kollegen aus folgenden Bereichen: Wir sind kontinuierlich auf der Suche nach motivierten Mitarbeitern zur Verst\u00e4rkung unseres Teams \u2013 Berufserfahrene im Hoch- und\/oder Tiefbau sind bei uns genauso wie Quereinsteiger (m\/w\/d) herzlich willkommen. Haben Sie ein anderes Profil? Dann [&hellip;]<\/p>\n","protected":false},"author":1,"featured_media":0,"parent":70,"menu_order":0,"comment_status":"closed","ping_status":"closed","template":"","meta":{"footnotes":""},"class_list":["post-58","page","type-page","status-publish","hentry"],"_links":{"self":[{"href":"http:\/\/wp.kraetzer-bau.de\/index.php?rest_route=\/wp\/v2\/pages\/58","targetHints":{"allow":["GET"]}}],"collection":[{"href":"http:\/\/wp.kraetzer-bau.de\/index.php?rest_route=\/wp\/v2\/pages"}],"about":[{"href":"http:\/\/wp.kraetzer-bau.de\/index.php?rest_route=\/wp\/v2\/types\/page"}],"author":[{"embeddable":true,"href":"http:\/\/wp.kraetzer-bau.de\/index.php?rest_route=\/wp\/v2\/users\/1"}],"replies":[{"embeddable":true,"href":"http:\/\/wp.kraetzer-bau.de\/index.php?rest_route=%2Fwp%2Fv2%2Fcomments&post=58"}],"version-history":[{"count":3,"href":"http:\/\/wp.kraetzer-bau.de\/index.php?rest_route=\/wp\/v2\/pages\/58\/revisions"}],"predecessor-version":[{"id":75,"href":"http:\/\/wp.kraetzer-bau.de\/index.php?rest_route=\/wp\/v2\/pages\/58\/revisions\/75"}],"up":[{"embeddable":true,"href":"http:\/\/wp.kraetzer-bau.de\/index.php?rest_route=\/wp\/v2\/pages\/70"}],"wp:attachment":[{"href":"http:\/\/wp.kraetzer-bau.de\/index.php?rest_route=%2Fwp%2Fv2%2Fmedia&parent=58"}],"curies":[{"name":"wp","href":"https:\/\/api.w.org\/{rel}","templated":true}]}}

<p></p>



<h2 class="wp-block-heading">Berufserfahrene: Unser Team wächst – Wir freuen uns auf Sie!</h2>



<p><strong>Aktuell sind wir auf der Suche nach Kollegen aus folgenden Bereichen:</strong></p>



<p>Wir sind kontinuierlich auf der Suche nach motivierten Mitarbeitern zur Verstärkung unseres Teams – Berufserfahrene im Hoch- und/oder Tiefbau sind bei uns genauso wie Quereinsteiger (m/w/d) herzlich willkommen.</p>



<p>Haben Sie ein anderes Profil? Dann sprechen Sie uns einfach an und wir überlegen gemeinsam, wie Sie unser Team verstärken können.</p>



<ul class="wp-block-list">
<li>Bauvorarbeiter</li>



<li>Baufacharbeiter</li>



<li>Baufachwerker</li>



<li>Baumaschinenführer</li>



<li>Allrounder</li>
</ul>



<h2 class="wp-block-heading">Berufseinsteiger: Ausbildung und Studium</h2>



<p>Wir sind Ausbildungsbetrieb und bieten jedes Jahr eine Ausbildung zum Maurer an. Auch ein duales oder Verbundstudium ist bei uns möglich, z.B. zum Bauingenieur. Wenn Sie als Berufseinsteiger unsere Arbeit besser kennenlernen möchten, können Sie ganz einfach ein Praktikum bei uns absolvieren. Kontaktieren Sie uns einfach und erfahren Sie mehr über Ausbildung und Studium bei uns.</p>



<h2 class="wp-block-heading">Arbeiten bei Krätzer Bau: Das bieten wir</h2>



<p>Neben einer attraktiven Vergütung erhalten unsere Mitarbeiter auch eine eigene Betriebsrente sowie einen krisensicheren Arbeitsplatz in unbefristeter Festanstellung.</p>



<p>Durch viele langjährige Teammitglieder sind wir stolz auf unser kollegiales Betriebsklima. Außerdem bieten wir langfristige Perspektiven und individuelle Entwicklungsmöglichkeiten, abwechslungsreiche Tätigkeiten im Hoch- und Tiefbau und die Arbeit mit einem modernen Maschinenpark.</p>



<h2 class="wp-block-heading">Mehr erfahren oder direkt bewerben?</h2>



<p>Wir freuen uns auf Ihre informelle Nachricht oder Bewerbung – Kontaktieren Sie unsere Geschäftsführer Rudi Reichart und Christian Schütz entweder über das Kontaktformular oder unter 09177/49580.</p>



<hr class="wp-block-separator has-alpha-channel-opacity"/>

<p>Berufserfahrene: Unser Team wächst – Wir freuen uns auf Sie! Aktuell sind wir auf der Suche nach Kollegen aus folgenden Bereichen: Wir sind kontinuierlich auf der Suche nach motivierten Mitarbeitern zur Verstärkung unseres Teams – Berufserfahrene im Hoch- und/oder Tiefbau sind bei uns genauso wie Quereinsteiger (m/w/d) herzlich willkommen. Haben Sie ein anderes Profil? Dann [&hellip;]</p>
